{"id":1286,"date":"2018-08-13T11:20:45","date_gmt":"2018-08-13T09:20:45","guid":{"rendered":"http:\/\/marka.belin.pl\/?post_type=product&#038;p=1286"},"modified":"2025-03-06T15:30:36","modified_gmt":"2025-03-06T14:30:36","slug":"bukiet-11-ziol-herbatka-ziolowa","status":"publish","type":"product","link":"https:\/\/marka.belin.pl\/?product=bukiet-11-ziol-herbatka-ziolowa","title":{"rendered":"Bukiet 11 zi\u00f3\u0142 \u2013 herbatka zio\u0142owa"},"content":{"rendered":"<p>To nasza najbogatsza mieszanka zio\u0142owa wed\u0142ug w\u0142asnej receptury, precyzyjnie skomponowana z 11 polskich zi\u00f3\u0142 przez wykwalifikowanych naukowc\u00f3w w dziedzinie zielarstwa. Odpowiednie proporcje i unikalny sk\u0142ad zio\u0142owej mieszanki zapewniaj\u0105 wspania\u0142e doznania smakowe, aromatyczne, zaspokajaj\u0105 pragnienie i dodaj\u0105 energii na ca\u0142y dzie\u0144.<\/p>\n","protected":false},"excerpt":{"rendered":"<p>Li\u015b\u0107 pokrzywy, ziele krwawnika, korze\u0144 mniszka, kwiat nagietka, ziele bratka, li\u015b\u0107 mi\u0119ty, owoc kolendry, owoc kopru, ziele majeranku, ziele trawy cytrynowej, p\u0142atki chabru<\/p>\n","protected":false},"featured_media":1287,"comment_status":"open","ping_status":"closed","template":"","meta":{"_acf_changed":false},"product_brand":[],"product_cat":[57],"product_tag":[],"class_list":{"0":"post-1286","1":"product","2":"type-product","3":"status-publish","4":"has-post-thumbnail","6":"product_cat-skarby-polskiej-natury-herbatki-ziolowe-i-ziolowo-owocowe-w-trojwymiarowych-piramidkach","9":"first","10":"instock","11":"shipping-taxable","12":"product-type-simple"},"acf":[],"_links":{"self":[{"href":"https:\/\/marka.belin.pl\/index.php?rest_route=\/wp\/v2\/product\/1286","targetHints":{"allow":["GET"]}}],"collection":[{"href":"https:\/\/marka.belin.pl\/index.php?rest_route=\/wp\/v2\/product"}],"about":[{"href":"https:\/\/marka.belin.pl\/index.php?rest_route=\/wp\/v2\/types\/product"}],"replies":[{"embeddable":true,"href":"https:\/\/marka.belin.pl\/index.php?rest_route=%2Fwp%2Fv2%2Fcomments&post=1286"}],"wp:featuredmedia":[{"embeddable":true,"href":"https:\/\/marka.belin.pl\/index.php?rest_route=\/wp\/v2\/media\/1287"}],"wp:attachment":[{"href":"https:\/\/marka.belin.pl\/index.php?rest_route=%2Fwp%2Fv2%2Fmedia&parent=1286"}],"wp:term":[{"taxonomy":"product_brand","embeddable":true,"href":"https:\/\/marka.belin.pl\/index.php?rest_route=%2Fwp%2Fv2%2Fproduct_brand&post=1286"},{"taxonomy":"product_cat","embeddable":true,"href":"https:\/\/marka.belin.pl\/index.php?rest_route=%2Fwp%2Fv2%2Fproduct_cat&post=1286"},{"taxonomy":"product_tag","embeddable":true,"href":"https:\/\/marka.belin.pl\/index.php?rest_route=%2Fwp%2Fv2%2Fproduct_tag&post=1286"}],"curies":[{"name":"wp","href":"https:\/\/api.w.org\/{rel}","templated":true}]}}

Bukiet 11 ziół – herbatka ziołowa

<p>To nasza najbogatsza mieszanka ziołowa według własnej receptury, precyzyjnie skomponowana z 11 polskich ziół przez wykwalifikowanych naukowców w dziedzinie zielarstwa. Odpowiednie proporcje i unikalny skład ziołowej mieszanki zapewniają wspaniałe doznania smakowe, aromatyczne, zaspokajają pragnienie i dodają energii na cały dzień.</p>

<p>Liść pokrzywy, ziele krwawnika, korzeń mniszka, kwiat nagietka, ziele bratka, liść mięty, owoc kolendry, owoc kopru, ziele majeranku, ziele trawy cytrynowej, płatki chabru</p>
