{"id":1289,"date":"2018-08-13T11:25:37","date_gmt":"2018-08-13T09:25:37","guid":{"rendered":"http:\/\/marka.belin.pl\/?post_type=product&#038;p=1289"},"modified":"2025-03-06T15:33:08","modified_gmt":"2025-03-06T14:33:08","slug":"rumianek-z-czarnym-bzem-herbatka-ziolowo-owocowa","status":"publish","type":"product","link":"https:\/\/marka.belin.pl\/?product=rumianek-z-czarnym-bzem-herbatka-ziolowo-owocowa","title":{"rendered":"Rumianek z czarnym bzem \u2013 herbatka zio\u0142owo-owocowa"},"content":{"rendered":"<p>Koszyczek rumianku to najbardziej znana i popularna ro\u015blina zielarska, ma swoisty zio\u0142owy smak, cytrynowo \u017c\u00f3\u0142ty kolor i aromatyczny zapach. Zio\u0142owo-owocowa herbatka to po\u0142\u0105czenie rumianku z owocem czarnego bzu co daje nietuzinkowy zio\u0142owy, lekko kwaskowy smak. Sk\u0142adniki herbacianej mieszanki to bogate \u017ar\u00f3d\u0142o soli mineralnych, witamin oraz cennych sk\u0142adnik\u00f3w od\u017cywczych.<\/p>\n","protected":false},"excerpt":{"rendered":"<p>Koszyczek rumianku to najbardziej znana i popularna ro\u015blina zielarska, ma swoisty zio\u0142owy smak, cytrynowo \u017c\u00f3\u0142ty kolor i aromatyczny zapach. Zio\u0142owo-owocowa herbatka to po\u0142\u0105czenie rumianku z owocem czarnego bzu co daje nietuzinkowy zio\u0142owy, lekko kwaskowy smak. Sk\u0142adniki herbacianej mieszanki to bogate \u017ar\u00f3d\u0142o soli mineralnych, witamin oraz cennych sk\u0142adnik\u00f3w od\u017cywczych.<\/p>\n","protected":false},"featured_media":1290,"comment_status":"open","ping_status":"closed","template":"","meta":{"_acf_changed":false},"product_brand":[],"product_cat":[57],"product_tag":[],"class_list":{"0":"post-1289","1":"product","2":"type-product","3":"status-publish","4":"has-post-thumbnail","6":"product_cat-skarby-polskiej-natury-herbatki-ziolowe-i-ziolowo-owocowe-w-trojwymiarowych-piramidkach","9":"first","10":"instock","11":"shipping-taxable","12":"product-type-simple"},"acf":[],"_links":{"self":[{"href":"https:\/\/marka.belin.pl\/index.php?rest_route=\/wp\/v2\/product\/1289","targetHints":{"allow":["GET"]}}],"collection":[{"href":"https:\/\/marka.belin.pl\/index.php?rest_route=\/wp\/v2\/product"}],"about":[{"href":"https:\/\/marka.belin.pl\/index.php?rest_route=\/wp\/v2\/types\/product"}],"replies":[{"embeddable":true,"href":"https:\/\/marka.belin.pl\/index.php?rest_route=%2Fwp%2Fv2%2Fcomments&post=1289"}],"wp:featuredmedia":[{"embeddable":true,"href":"https:\/\/marka.belin.pl\/index.php?rest_route=\/wp\/v2\/media\/1290"}],"wp:attachment":[{"href":"https:\/\/marka.belin.pl\/index.php?rest_route=%2Fwp%2Fv2%2Fmedia&parent=1289"}],"wp:term":[{"taxonomy":"product_brand","embeddable":true,"href":"https:\/\/marka.belin.pl\/index.php?rest_route=%2Fwp%2Fv2%2Fproduct_brand&post=1289"},{"taxonomy":"product_cat","embeddable":true,"href":"https:\/\/marka.belin.pl\/index.php?rest_route=%2Fwp%2Fv2%2Fproduct_cat&post=1289"},{"taxonomy":"product_tag","embeddable":true,"href":"https:\/\/marka.belin.pl\/index.php?rest_route=%2Fwp%2Fv2%2Fproduct_tag&post=1289"}],"curies":[{"name":"wp","href":"https:\/\/api.w.org\/{rel}","templated":true}]}}

Rumianek z czarnym bzem – herbatka ziołowo-owocowa

<p>Koszyczek rumianku to najbardziej znana i popularna roślina zielarska, ma swoisty ziołowy smak, cytrynowo żółty kolor i aromatyczny zapach. Ziołowo-owocowa herbatka to połączenie rumianku z owocem czarnego bzu co daje nietuzinkowy ziołowy, lekko kwaskowy smak. Składniki herbacianej mieszanki to bogate źródło soli mineralnych, witamin oraz cennych składników odżywczych.</p>
