{"id":161,"date":"2016-10-02T18:22:36","date_gmt":"2016-10-02T16:22:36","guid":{"rendered":"http:\/\/belin-marka.jtcsoftware.pl\/?post_type=product&#038;p=161"},"modified":"2017-09-17T19:38:09","modified_gmt":"2017-09-17T17:38:09","slug":"herbatka-owocowa-o-smaku-imbiru-z-limonka","status":"publish","type":"product","link":"https:\/\/marka.belin.pl\/?product=herbatka-owocowa-o-smaku-imbiru-z-limonka","title":{"rendered":"Herbatka owocowa, aromatyzowana o smaku imbiru z limonk\u0105"},"content":{"rendered":"<p><span data-sheets-value=\"{&quot;1&quot;:2,&quot;2&quot;:&quot;Wakacyjne po\\u0142\\u0105czenie? Egzotyczna limonka i orientalny imbir.\\nS\\u0142odsza kuzynka cytryny pozielenia\\u0142a z zazdro\\u015bci i postanowi\\u0142a do\\u0142\\u0105czy\\u0107 do \\u015bwiata owocowych herbatek. Aby zrobi\\u0107 jak najwi\\u0119ksze wra\\u017cenie na wielbicielach herbatek do pary zaprosi\\u0142a orientalny imbir. Razem stanowi\\u0105 duet niepokonany. Limonka i korze\\u0144 imbiru wp\\u0142ywaj\\u0105 korzystnie na uk\\u0142ad odporno\\u015bciowy. Imbir stanowi &quot;}\" data-sheets-userformat=\"{&quot;2&quot;:256,&quot;11&quot;:4}\">Wakacyjne po\u0142\u0105czenie? Egzotyczna limonka i orientalny imbir.<br \/>\nS\u0142odsza kuzynka cytryny pozielenia\u0142a z zazdro\u015bci i postanowi\u0142a do\u0142\u0105czy\u0107 do \u015bwiata owocowych herbatek. Aby zrobi\u0107 jak najwi\u0119ksze wra\u017cenie na wielbicielach herbatek do pary zaprosi\u0142a orientalny imbir. Razem stanowi\u0105 duet niepokonany. Limonka i korze\u0144 imbiru wp\u0142ywaj\u0105 korzystnie na uk\u0142ad odporno\u015bciowy. Imbir stanowi a\u017c 30 procent naszej herbatki, gwarantuj\u0105c wra\u017cenia prawdziwiej, orientalnej przygody!<br \/>\n<\/span><\/p>\n","protected":false},"excerpt":{"rendered":"<p>Wakacyjne po\u0142\u0105czenie? Egzotyczna limonka i orientalny imbir<\/p>\n","protected":false},"featured_media":981,"comment_status":"open","ping_status":"closed","template":"","meta":{"_acf_changed":false},"product_brand":[],"product_cat":[22],"product_tag":[],"class_list":{"0":"post-161","1":"product","2":"type-product","3":"status-publish","4":"has-post-thumbnail","6":"product_cat-herbatki-owocowe","9":"first","10":"instock","11":"shipping-taxable","12":"product-type-simple"},"acf":[],"_links":{"self":[{"href":"https:\/\/marka.belin.pl\/index.php?rest_route=\/wp\/v2\/product\/161","targetHints":{"allow":["GET"]}}],"collection":[{"href":"https:\/\/marka.belin.pl\/index.php?rest_route=\/wp\/v2\/product"}],"about":[{"href":"https:\/\/marka.belin.pl\/index.php?rest_route=\/wp\/v2\/types\/product"}],"replies":[{"embeddable":true,"href":"https:\/\/marka.belin.pl\/index.php?rest_route=%2Fwp%2Fv2%2Fcomments&post=161"}],"wp:featuredmedia":[{"embeddable":true,"href":"https:\/\/marka.belin.pl\/index.php?rest_route=\/wp\/v2\/media\/981"}],"wp:attachment":[{"href":"https:\/\/marka.belin.pl\/index.php?rest_route=%2Fwp%2Fv2%2Fmedia&parent=161"}],"wp:term":[{"taxonomy":"product_brand","embeddable":true,"href":"https:\/\/marka.belin.pl\/index.php?rest_route=%2Fwp%2Fv2%2Fproduct_brand&post=161"},{"taxonomy":"product_cat","embeddable":true,"href":"https:\/\/marka.belin.pl\/index.php?rest_route=%2Fwp%2Fv2%2Fproduct_cat&post=161"},{"taxonomy":"product_tag","embeddable":true,"href":"https:\/\/marka.belin.pl\/index.php?rest_route=%2Fwp%2Fv2%2Fproduct_tag&post=161"}],"curies":[{"name":"wp","href":"https:\/\/api.w.org\/{rel}","templated":true}]}}