{"id":183,"date":"2016-10-02T19:02:07","date_gmt":"2016-10-02T17:02:07","guid":{"rendered":"http:\/\/belin-marka.jtcsoftware.pl\/?post_type=product&#038;p=183"},"modified":"2017-09-05T14:35:07","modified_gmt":"2017-09-05T12:35:07","slug":"herbatka-ziolowa-czystek","status":"publish","type":"product","link":"https:\/\/marka.belin.pl\/?product=herbatka-ziolowa-czystek","title":{"rendered":"Herbatka zio\u0142owa Czystek"},"content":{"rendered":"<p><span data-sheets-value=\"{&quot;1&quot;:2,&quot;2&quot;:&quot;Czystek \\u2013 zio\\u0142owy baron zawsze got\\u00f3w do walki z bakteriami.\\nZ pozoru urocze i niepozorne zio\\u0142o. Mi\\u0142a dla oka ro\\u015blinka spotykana g\\u0142\\u00f3wnie w basenie Morza \\u015ar\\u00f3dziemnego. W Polsce wyst\\u0119puje tylko na polach uprawnych. Jednak nie dajcie si\\u0119 zmyli\\u0107! To prawdziwy pogromca bakterii. W\\u0142a\\u015bciwo\\u015bci czystka, sprawiaj\\u0105, \\u017ce jest niezwykle pomocny w walce z bakteriami i wirusami. &quot;}\" data-sheets-userformat=\"{&quot;2&quot;:256,&quot;11&quot;:4}\">SUPLEMENT DIETY<br \/>\nCzystek \u2013 zio\u0142owy baron zawsze got\u00f3w do walki z bakteriami.<br \/>\nZ pozoru urocze i niepozorne zio\u0142o. Mi\u0142a dla oka ro\u015blinka spotykana g\u0142\u00f3wnie w basenie Morza \u015ar\u00f3dziemnego. W Polsce wyst\u0119puje tylko na polach uprawnych. Jednak nie dajcie si\u0119 zmyli\u0107! To prawdziwy pogromca bakterii. W\u0142a\u015bciwo\u015bci czystka, sprawiaj\u0105, \u017ce jest niezwykle pomocny w walce z bakteriami i wirusami. <\/span><\/p>\n","protected":false},"excerpt":{"rendered":"<p>Suplement diety Czystek \u2013 zio\u0142owy baron zawsze got\u00f3w do walki z bakteriami<\/p>\n","protected":false},"featured_media":862,"comment_status":"open","ping_status":"closed","template":"","meta":{"_acf_changed":false},"product_brand":[],"product_cat":[24],"product_tag":[],"class_list":{"0":"post-183","1":"product","2":"type-product","3":"status-publish","4":"has-post-thumbnail","6":"product_cat-herbatki-ziolowe","9":"first","10":"instock","11":"shipping-taxable","12":"product-type-simple"},"acf":[],"_links":{"self":[{"href":"https:\/\/marka.belin.pl\/index.php?rest_route=\/wp\/v2\/product\/183","targetHints":{"allow":["GET"]}}],"collection":[{"href":"https:\/\/marka.belin.pl\/index.php?rest_route=\/wp\/v2\/product"}],"about":[{"href":"https:\/\/marka.belin.pl\/index.php?rest_route=\/wp\/v2\/types\/product"}],"replies":[{"embeddable":true,"href":"https:\/\/marka.belin.pl\/index.php?rest_route=%2Fwp%2Fv2%2Fcomments&post=183"}],"wp:featuredmedia":[{"embeddable":true,"href":"https:\/\/marka.belin.pl\/index.php?rest_route=\/wp\/v2\/media\/862"}],"wp:attachment":[{"href":"https:\/\/marka.belin.pl\/index.php?rest_route=%2Fwp%2Fv2%2Fmedia&parent=183"}],"wp:term":[{"taxonomy":"product_brand","embeddable":true,"href":"https:\/\/marka.belin.pl\/index.php?rest_route=%2Fwp%2Fv2%2Fproduct_brand&post=183"},{"taxonomy":"product_cat","embeddable":true,"href":"https:\/\/marka.belin.pl\/index.php?rest_route=%2Fwp%2Fv2%2Fproduct_cat&post=183"},{"taxonomy":"product_tag","embeddable":true,"href":"https:\/\/marka.belin.pl\/index.php?rest_route=%2Fwp%2Fv2%2Fproduct_tag&post=183"}],"curies":[{"name":"wp","href":"https:\/\/api.w.org\/{rel}","templated":true}]}}