{"id":191,"date":"2016-10-02T19:11:38","date_gmt":"2016-10-02T17:11:38","guid":{"rendered":"http:\/\/belin-marka.jtcsoftware.pl\/?post_type=product&#038;p=191"},"modified":"2017-09-17T19:54:54","modified_gmt":"2017-09-17T17:54:54","slug":"herbatka-ziolowa-mix-7-ziol","status":"publish","type":"product","link":"https:\/\/marka.belin.pl\/?product=herbatka-ziolowa-mix-7-ziol","title":{"rendered":"Herbatka zio\u0142owa Mix 7 zi\u00f3\u0142"},"content":{"rendered":"<p><span data-sheets-value=\"{&quot;1&quot;:2,&quot;2&quot;:&quot;Ma\\u0142o wra\\u017ce\\u0144? Mix 7 zi\\u00f3\\u0142 sprosta oczekiwaniom najwybredniejszych smakoszy!\\nPo\\u0142\\u0105czenie siedmiu wyselekcjonowanych i ca\\u0142kowicie naturalnych sk\\u0142adnik\\u00f3w zapewnia niezapomniany smak. Mi\\u0119ta, lukrecja, koper w\\u0142oski, cynamon, li\\u015b\\u0107 je\\u017cyny, trawa cytrynowa oraz rooibos \\u2013 osobno zaskakuj\\u0105, ale razem s\\u0105 gwarancj\\u0105 nietuzinkowego smaku pe\\u0142nego aromatu. Wielosmakowy bukiet herbatki kusi woni\\u0105 i smakiem.&quot;}\" data-sheets-userformat=\"{&quot;2&quot;:256,&quot;11&quot;:4}\">Ma\u0142o wra\u017ce\u0144? Mix 7 zi\u00f3\u0142 sprosta oczekiwaniom najwybredniejszych smakoszy!<br \/>\nPo\u0142\u0105czenie siedmiu wyselekcjonowanych i ca\u0142kowicie naturalnych sk\u0142adnik\u00f3w zapewnia niezapomniany smak. Mi\u0119ta, lukrecja, koper w\u0142oski, cynamon, li\u015b\u0107 je\u017cyny, trawa cytrynowa oraz rooibos \u2013 osobno zaskakuj\u0105, ale razem s\u0105 gwarancj\u0105 nietuzinkowego smaku pe\u0142nego aromatu. Wielosmakowy bukiet herbatki kusi woni\u0105 i smakiem.<\/span><\/p>\n","protected":false},"excerpt":{"rendered":"<p>Ma\u0142o wra\u017ce\u0144? Mix 7 zi\u00f3\u0142 sprosta oczekiwaniom najwybredniejszych smakoszy!<\/p>\n","protected":false},"featured_media":993,"comment_status":"open","ping_status":"closed","template":"","meta":{"_acf_changed":false},"product_brand":[],"product_cat":[24],"product_tag":[],"class_list":{"0":"post-191","1":"product","2":"type-product","3":"status-publish","4":"has-post-thumbnail","6":"product_cat-herbatki-ziolowe","9":"first","10":"instock","11":"shipping-taxable","12":"product-type-simple"},"acf":[],"_links":{"self":[{"href":"https:\/\/marka.belin.pl\/index.php?rest_route=\/wp\/v2\/product\/191","targetHints":{"allow":["GET"]}}],"collection":[{"href":"https:\/\/marka.belin.pl\/index.php?rest_route=\/wp\/v2\/product"}],"about":[{"href":"https:\/\/marka.belin.pl\/index.php?rest_route=\/wp\/v2\/types\/product"}],"replies":[{"embeddable":true,"href":"https:\/\/marka.belin.pl\/index.php?rest_route=%2Fwp%2Fv2%2Fcomments&post=191"}],"wp:featuredmedia":[{"embeddable":true,"href":"https:\/\/marka.belin.pl\/index.php?rest_route=\/wp\/v2\/media\/993"}],"wp:attachment":[{"href":"https:\/\/marka.belin.pl\/index.php?rest_route=%2Fwp%2Fv2%2Fmedia&parent=191"}],"wp:term":[{"taxonomy":"product_brand","embeddable":true,"href":"https:\/\/marka.belin.pl\/index.php?rest_route=%2Fwp%2Fv2%2Fproduct_brand&post=191"},{"taxonomy":"product_cat","embeddable":true,"href":"https:\/\/marka.belin.pl\/index.php?rest_route=%2Fwp%2Fv2%2Fproduct_cat&post=191"},{"taxonomy":"product_tag","embeddable":true,"href":"https:\/\/marka.belin.pl\/index.php?rest_route=%2Fwp%2Fv2%2Fproduct_tag&post=191"}],"curies":[{"name":"wp","href":"https:\/\/api.w.org\/{rel}","templated":true}]}}