{"id":199,"date":"2016-10-02T19:20:45","date_gmt":"2016-10-02T17:20:45","guid":{"rendered":"http:\/\/belin-marka.jtcsoftware.pl\/?post_type=product&#038;p=199"},"modified":"2017-09-27T10:50:40","modified_gmt":"2017-09-27T08:50:40","slug":"herbata-zielona-o-smaku-pigwy","status":"publish","type":"product","link":"https:\/\/marka.belin.pl\/?product=herbata-zielona-o-smaku-pigwy","title":{"rendered":"Herbata zielona o smaku pigwy"},"content":{"rendered":"<p><span data-sheets-value=\"{&quot;1&quot;:2,&quot;2&quot;:&quot;Pomoc w przezi\\u0119bieniu? Zielona herbata o smaku pigwy!\\nW\\u0142a\\u015bciwo\\u015bci pigwy wzmacniaj\\u0105 prac\\u0119 uk\\u0142adu odporno\\u015bciowego, dzi\\u0119ki czemu \\u0142atwiej pokonamy niejedno przezi\\u0119bienie, czy drobn\\u0105 infekcj\\u0119. Ponadto zielona herbata relaksuje i uspokaja, a w efekcie poprawia nastr\\u00f3j po ci\\u0119\\u017ckim dniu, dlatego najlepiej smakuje wypita tu\\u017c przed snem. Mi\\u0142e sny gwarantowane!&quot;}\" data-sheets-userformat=\"{&quot;2&quot;:256,&quot;11&quot;:4}\">Pomoc w przezi\u0119bieniu? Zielona herbata o smaku pigwy!<br \/>\nW\u0142a\u015bciwo\u015bci pigwy wzmacniaj\u0105 prac\u0119 uk\u0142adu odporno\u015bciowego, dzi\u0119ki czemu \u0142atwiej pokonamy niejedno przezi\u0119bienie, czy drobn\u0105 infekcj\u0119. Ponadto zielona herbata relaksuje i uspokaja, a w efekcie poprawia nastr\u00f3j po ci\u0119\u017ckim dniu, dlatego najlepiej smakuje wypita tu\u017c przed snem. Mi\u0142e sny gwarantowane!<\/span><\/p>\n","protected":false},"excerpt":{"rendered":"<p>Pomoc w przezi\u0119bieniu? Zielona herbata o smaku pigwy!<\/p>\n","protected":false},"featured_media":1028,"comment_status":"open","ping_status":"closed","template":"","meta":{"_acf_changed":false},"product_brand":[],"product_cat":[25],"product_tag":[],"class_list":{"0":"post-199","1":"product","2":"type-product","3":"status-publish","4":"has-post-thumbnail","6":"product_cat-herbaty-zielone","9":"first","10":"instock","11":"shipping-taxable","12":"product-type-simple"},"acf":[],"_links":{"self":[{"href":"https:\/\/marka.belin.pl\/index.php?rest_route=\/wp\/v2\/product\/199","targetHints":{"allow":["GET"]}}],"collection":[{"href":"https:\/\/marka.belin.pl\/index.php?rest_route=\/wp\/v2\/product"}],"about":[{"href":"https:\/\/marka.belin.pl\/index.php?rest_route=\/wp\/v2\/types\/product"}],"replies":[{"embeddable":true,"href":"https:\/\/marka.belin.pl\/index.php?rest_route=%2Fwp%2Fv2%2Fcomments&post=199"}],"wp:featuredmedia":[{"embeddable":true,"href":"https:\/\/marka.belin.pl\/index.php?rest_route=\/wp\/v2\/media\/1028"}],"wp:attachment":[{"href":"https:\/\/marka.belin.pl\/index.php?rest_route=%2Fwp%2Fv2%2Fmedia&parent=199"}],"wp:term":[{"taxonomy":"product_brand","embeddable":true,"href":"https:\/\/marka.belin.pl\/index.php?rest_route=%2Fwp%2Fv2%2Fproduct_brand&post=199"},{"taxonomy":"product_cat","embeddable":true,"href":"https:\/\/marka.belin.pl\/index.php?rest_route=%2Fwp%2Fv2%2Fproduct_cat&post=199"},{"taxonomy":"product_tag","embeddable":true,"href":"https:\/\/marka.belin.pl\/index.php?rest_route=%2Fwp%2Fv2%2Fproduct_tag&post=199"}],"curies":[{"name":"wp","href":"https:\/\/api.w.org\/{rel}","templated":true}]}}