{"id":2826,"date":"2019-05-16T19:21:51","date_gmt":"2019-05-16T17:21:51","guid":{"rendered":"http:\/\/marka.belin.pl\/?post_type=product&#038;p=2826"},"modified":"2025-03-06T15:31:16","modified_gmt":"2025-03-06T14:31:16","slug":"melisa-z-malina-i-truskawka-herbatka-ziolowo-owocowa","status":"publish","type":"product","link":"https:\/\/marka.belin.pl\/?product=melisa-z-malina-i-truskawka-herbatka-ziolowo-owocowa","title":{"rendered":"Melisa z malin\u0105 i truskawk\u0105 &#8211; herbatka zio\u0142owo-owocowa"},"content":{"rendered":"<p>Delikatny cytrynowy smak i aromat melisy w po\u0142\u0105czeniu z soczysto\u015bci\u0105 truskawki i s\u0142odycz\u0105 maliny zamkni\u0119te w tr\u00f3jwymiarowej piramidce to nasza nowa propozycja dla os\u00f3b szukaj\u0105cych wyciszenia i relaksu, a zarazem otwartych na nowe i niepowtarzalne doznania smakowe.<\/p>\n","protected":false},"excerpt":{"rendered":"<p>Delikatny cytrynowy smak i aromat melisy w po\u0142\u0105czeniu z soczysto\u015bci\u0105 truskawki i s\u0142odycz\u0105 maliny zamkni\u0119te w tr\u00f3jwymiarowej piramidce to nasza nowa propozycja dla os\u00f3b szukaj\u0105cych wyciszenia i relaksu, a zarazem otwartych na nowe i niepowtarzalne doznania smakowe.<\/p>\n","protected":false},"featured_media":2830,"comment_status":"open","ping_status":"closed","template":"","meta":{"_acf_changed":false},"product_brand":[],"product_cat":[57],"product_tag":[],"class_list":{"0":"post-2826","1":"product","2":"type-product","3":"status-publish","4":"has-post-thumbnail","6":"product_cat-skarby-polskiej-natury-herbatki-ziolowe-i-ziolowo-owocowe-w-trojwymiarowych-piramidkach","9":"first","10":"instock","11":"shipping-taxable","12":"product-type-simple"},"acf":[],"_links":{"self":[{"href":"https:\/\/marka.belin.pl\/index.php?rest_route=\/wp\/v2\/product\/2826","targetHints":{"allow":["GET"]}}],"collection":[{"href":"https:\/\/marka.belin.pl\/index.php?rest_route=\/wp\/v2\/product"}],"about":[{"href":"https:\/\/marka.belin.pl\/index.php?rest_route=\/wp\/v2\/types\/product"}],"replies":[{"embeddable":true,"href":"https:\/\/marka.belin.pl\/index.php?rest_route=%2Fwp%2Fv2%2Fcomments&post=2826"}],"wp:featuredmedia":[{"embeddable":true,"href":"https:\/\/marka.belin.pl\/index.php?rest_route=\/wp\/v2\/media\/2830"}],"wp:attachment":[{"href":"https:\/\/marka.belin.pl\/index.php?rest_route=%2Fwp%2Fv2%2Fmedia&parent=2826"}],"wp:term":[{"taxonomy":"product_brand","embeddable":true,"href":"https:\/\/marka.belin.pl\/index.php?rest_route=%2Fwp%2Fv2%2Fproduct_brand&post=2826"},{"taxonomy":"product_cat","embeddable":true,"href":"https:\/\/marka.belin.pl\/index.php?rest_route=%2Fwp%2Fv2%2Fproduct_cat&post=2826"},{"taxonomy":"product_tag","embeddable":true,"href":"https:\/\/marka.belin.pl\/index.php?rest_route=%2Fwp%2Fv2%2Fproduct_tag&post=2826"}],"curies":[{"name":"wp","href":"https:\/\/api.w.org\/{rel}","templated":true}]}}