{"id":57,"date":"2016-10-01T18:41:54","date_gmt":"2016-10-01T16:41:54","guid":{"rendered":"http:\/\/belin-marka.jtcsoftware.pl\/?post_type=product&#038;p=57"},"modified":"2019-02-10T10:31:37","modified_gmt":"2019-02-10T09:31:37","slug":"herbatka-owocowa-o-smaku-zurawiny-malina","status":"publish","type":"product","link":"https:\/\/marka.belin.pl\/?product=herbatka-owocowa-o-smaku-zurawiny-malina","title":{"rendered":"Herbatka owocowa o smaku \u017curawiny i maliny"},"content":{"rendered":"<p>Nami\u0119tny i gor\u0105cy romans pomi\u0119dzy \u017curawin\u0105 a malin\u0105 zaowocowa\u0142\u2026 herbatk\u0105! I to najwy\u017cszej jako\u015bci, sporz\u0105dzon\u0105 z naturalnych i wyselekcjonowanych sk\u0142adnik\u00f3w. Kompozycja opracowana przez herbacianych ekspert\u00f3w firmy BELiN gwarantuje niecodzienne doznania. Wspania\u0142a propozycja dla herbaciarzy, ceni\u0105cych awangard\u0119 i odwag\u0119 w \u015bwiecie napoj\u00f3w.<\/p>\n","protected":false},"excerpt":{"rendered":"<p>Taka mi\u0142o\u015b\u0107 zdarza si\u0119 raz na sto lat!<\/p>\n","protected":false},"featured_media":1707,"comment_status":"open","ping_status":"closed","template":"","meta":{"_acf_changed":false},"product_brand":[],"product_cat":[9],"product_tag":[],"class_list":{"0":"post-57","1":"product","2":"type-product","3":"status-publish","4":"has-post-thumbnail","6":"product_cat-herbaty-ekspresowe-premium-dwukomorowe","9":"first","10":"instock","11":"shipping-taxable","12":"product-type-simple"},"acf":[],"_links":{"self":[{"href":"https:\/\/marka.belin.pl\/index.php?rest_route=\/wp\/v2\/product\/57","targetHints":{"allow":["GET"]}}],"collection":[{"href":"https:\/\/marka.belin.pl\/index.php?rest_route=\/wp\/v2\/product"}],"about":[{"href":"https:\/\/marka.belin.pl\/index.php?rest_route=\/wp\/v2\/types\/product"}],"replies":[{"embeddable":true,"href":"https:\/\/marka.belin.pl\/index.php?rest_route=%2Fwp%2Fv2%2Fcomments&post=57"}],"wp:featuredmedia":[{"embeddable":true,"href":"https:\/\/marka.belin.pl\/index.php?rest_route=\/wp\/v2\/media\/1707"}],"wp:attachment":[{"href":"https:\/\/marka.belin.pl\/index.php?rest_route=%2Fwp%2Fv2%2Fmedia&parent=57"}],"wp:term":[{"taxonomy":"product_brand","embeddable":true,"href":"https:\/\/marka.belin.pl\/index.php?rest_route=%2Fwp%2Fv2%2Fproduct_brand&post=57"},{"taxonomy":"product_cat","embeddable":true,"href":"https:\/\/marka.belin.pl\/index.php?rest_route=%2Fwp%2Fv2%2Fproduct_cat&post=57"},{"taxonomy":"product_tag","embeddable":true,"href":"https:\/\/marka.belin.pl\/index.php?rest_route=%2Fwp%2Fv2%2Fproduct_tag&post=57"}],"curies":[{"name":"wp","href":"https:\/\/api.w.org\/{rel}","templated":true}]}}