{"id":69,"date":"2016-10-01T20:57:44","date_gmt":"2016-10-01T18:57:44","guid":{"rendered":"http:\/\/belin-marka.jtcsoftware.pl\/?post_type=product&#038;p=69"},"modified":"2018-06-04T14:06:40","modified_gmt":"2018-06-04T12:06:40","slug":"herbatka-owocowa-o-smaku-truskawki","status":"publish","type":"product","link":"https:\/\/marka.belin.pl\/?product=herbatka-owocowa-o-smaku-truskawki","title":{"rendered":"Herbatka owocowa o smaku truskawki"},"content":{"rendered":"<p><span data-sheets-value=\"{&quot;1&quot;:2,&quot;2&quot;:&quot;Truskawka \\u2013 kr\\u00f3lowa ogrod\\u00f3w, ju\\u017c teraz mo\\u017ce zago\\u015bci\\u0107 w Twojej fili\\u017cance. Niezale\\u017cnie od pory dnia, ta owocowa mieszanka umili ka\\u017cd\\u0105 chwil\\u0119 \\u2013 w zimie rozgrzewaj\\u0105c po d\\u0142ugim dniu, latem \\u2013 ch\\u0142odz\\u0105c w trakcie sobotniego popo\\u0142udnia.&quot;}\" data-sheets-userformat=\"{&quot;2&quot;:256,&quot;11&quot;:4}\">Truskawka \u2013 kr\u00f3lowa ogrod\u00f3w, ju\u017c teraz mo\u017ce zago\u015bci\u0107 w Twojej fili\u017cance. Niezale\u017cnie od pory dnia, ta owocowa mieszanka umili ka\u017cd\u0105 chwil\u0119 \u2013 w zimie rozgrzewaj\u0105c po d\u0142ugim dniu, latem \u2013 ch\u0142odz\u0105c w trakcie sobotniego popo\u0142udnia.<\/span><\/p>\n","protected":false},"excerpt":{"rendered":"<p>Truskawka \u2013 kr\u00f3lowa ogrod\u00f3w, ju\u017c teraz mo\u017ce zago\u015bci\u0107 w Twojej fili\u017cance.<\/p>\n","protected":false},"featured_media":70,"comment_status":"open","ping_status":"closed","template":"","meta":{"_acf_changed":false},"product_brand":[],"product_cat":[56],"product_tag":[],"class_list":{"0":"post-69","1":"product","2":"type-product","3":"status-publish","4":"has-post-thumbnail","6":"product_cat-herbaty-ekspresowe-premium-w-saszetkach-dwukomorowych-i-kopertkach","9":"first","10":"instock","11":"shipping-taxable","12":"product-type-simple"},"acf":[],"_links":{"self":[{"href":"https:\/\/marka.belin.pl\/index.php?rest_route=\/wp\/v2\/product\/69","targetHints":{"allow":["GET"]}}],"collection":[{"href":"https:\/\/marka.belin.pl\/index.php?rest_route=\/wp\/v2\/product"}],"about":[{"href":"https:\/\/marka.belin.pl\/index.php?rest_route=\/wp\/v2\/types\/product"}],"replies":[{"embeddable":true,"href":"https:\/\/marka.belin.pl\/index.php?rest_route=%2Fwp%2Fv2%2Fcomments&post=69"}],"wp:featuredmedia":[{"embeddable":true,"href":"https:\/\/marka.belin.pl\/index.php?rest_route=\/wp\/v2\/media\/70"}],"wp:attachment":[{"href":"https:\/\/marka.belin.pl\/index.php?rest_route=%2Fwp%2Fv2%2Fmedia&parent=69"}],"wp:term":[{"taxonomy":"product_brand","embeddable":true,"href":"https:\/\/marka.belin.pl\/index.php?rest_route=%2Fwp%2Fv2%2Fproduct_brand&post=69"},{"taxonomy":"product_cat","embeddable":true,"href":"https:\/\/marka.belin.pl\/index.php?rest_route=%2Fwp%2Fv2%2Fproduct_cat&post=69"},{"taxonomy":"product_tag","embeddable":true,"href":"https:\/\/marka.belin.pl\/index.php?rest_route=%2Fwp%2Fv2%2Fproduct_tag&post=69"}],"curies":[{"name":"wp","href":"https:\/\/api.w.org\/{rel}","templated":true}]}}