{"id":83,"date":"2016-10-01T22:40:29","date_gmt":"2016-10-01T20:40:29","guid":{"rendered":"http:\/\/belin-marka.jtcsoftware.pl\/?post_type=product&#038;p=83"},"modified":"2018-06-04T14:07:50","modified_gmt":"2018-06-04T12:07:50","slug":"herbata-czarna-aromatyzowana-earl-grey","status":"publish","type":"product","link":"https:\/\/marka.belin.pl\/?product=herbata-czarna-aromatyzowana-earl-grey","title":{"rendered":"Herbata czarna aromatyzowana Earl Grey"},"content":{"rendered":"<p><span data-sheets-value=\"{&quot;1&quot;:2,&quot;2&quot;:&quot;Herbata o stu obliczach i stu smakach - Earl Grey \\nUwodzi zapachem ju\\u017c od dziewi\\u0119tnastego stulecia. Tradycyjna czarna herbata aromatyzowana olejkiem z bergamotki, rozs\\u0142awiona przez Brytyjczyk\\u00f3w zaw\\u0142adn\\u0119\\u0142a sercem wielu mi\\u0142o\\u015bnik\\u00f3w herbaty na ca\\u0142ym \\u015bwiecie. Teraz i Ty mo\\u017cesz cieszy\\u0107 si\\u0119 jej niecodziennym smakiem tak jak lubisz najbardziej. Mocn\\u0105, obezw\\u0142adniaj\\u0105c\\u0105 zapachem, czy mo\\u017ce s\\u0142absz\\u0105, gdy nutka bergamotki ledwie unosi si\\u0119 w powietrzu?\\n&quot;}\" data-sheets-userformat=\"{&quot;2&quot;:256,&quot;11&quot;:4}\">\u00a0Uwodzi zapachem ju\u017c od dziewi\u0119tnastego stulecia. Tradycyjna czarna herbata aromatyzowana olejkiem z bergamotki, rozs\u0142awiona przez Brytyjczyk\u00f3w zaw\u0142adn\u0119\u0142a sercem wielu mi\u0142o\u015bnik\u00f3w herbaty na ca\u0142ym \u015bwiecie. Teraz i Ty mo\u017cesz cieszy\u0107 si\u0119 jej niecodziennym smakiem tak jak lubisz najbardziej. Mocn\u0105, obezw\u0142adniaj\u0105c\u0105 zapachem, czy mo\u017ce s\u0142absz\u0105, gdy nutka bergamotki ledwie unosi si\u0119 w powietrzu?<br \/>\n<\/span><\/p>\n","protected":false},"excerpt":{"rendered":"<p>Herbata o stu obliczach i stu smakach &#8211; Earl Grey<\/p>\n","protected":false},"featured_media":84,"comment_status":"open","ping_status":"closed","template":"","meta":{"_acf_changed":false},"product_brand":[],"product_cat":[56],"product_tag":[],"class_list":{"0":"post-83","1":"product","2":"type-product","3":"status-publish","4":"has-post-thumbnail","6":"product_cat-herbaty-ekspresowe-premium-w-saszetkach-dwukomorowych-i-kopertkach","9":"first","10":"instock","11":"shipping-taxable","12":"product-type-simple"},"acf":[],"_links":{"self":[{"href":"https:\/\/marka.belin.pl\/index.php?rest_route=\/wp\/v2\/product\/83","targetHints":{"allow":["GET"]}}],"collection":[{"href":"https:\/\/marka.belin.pl\/index.php?rest_route=\/wp\/v2\/product"}],"about":[{"href":"https:\/\/marka.belin.pl\/index.php?rest_route=\/wp\/v2\/types\/product"}],"replies":[{"embeddable":true,"href":"https:\/\/marka.belin.pl\/index.php?rest_route=%2Fwp%2Fv2%2Fcomments&post=83"}],"wp:featuredmedia":[{"embeddable":true,"href":"https:\/\/marka.belin.pl\/index.php?rest_route=\/wp\/v2\/media\/84"}],"wp:attachment":[{"href":"https:\/\/marka.belin.pl\/index.php?rest_route=%2Fwp%2Fv2%2Fmedia&parent=83"}],"wp:term":[{"taxonomy":"product_brand","embeddable":true,"href":"https:\/\/marka.belin.pl\/index.php?rest_route=%2Fwp%2Fv2%2Fproduct_brand&post=83"},{"taxonomy":"product_cat","embeddable":true,"href":"https:\/\/marka.belin.pl\/index.php?rest_route=%2Fwp%2Fv2%2Fproduct_cat&post=83"},{"taxonomy":"product_tag","embeddable":true,"href":"https:\/\/marka.belin.pl\/index.php?rest_route=%2Fwp%2Fv2%2Fproduct_tag&post=83"}],"curies":[{"name":"wp","href":"https:\/\/api.w.org\/{rel}","templated":true}]}}